 Let t(z) = -2*i(z) + u(z). What is t(p)?
5
Let w(n) = -2*n**2 + 9*n + 8. Let z(d) = d**2 - 8*d - 7. Let c(u) = -3*w(u) - 4*z(u). Determine c(-3).
7
Let p(w) = w. Suppose -3*m - m = -4*c - 8, 5*m - 2*c - 13 = 0. Calculate p(m).
3
Let n(t) be the third derivative of -t**4/24 - t**3 - 19*t**2. What is n(-7)?
1
Let h = -203 - -198. Let z(t) = -t**2 - 6*t - 1. Give z(h).
4
Let o(x) = x + 2. Let v be o(6). Let q(b) = -b + 8. Let p be q(v). Let c(t) = t**3 + t**2 + 8. Give c(p).
8
Let v be 3/(-2) + (-35)/(-14). Suppose -x + 3 = -v, -x = -w. Let g(q) = -q - 1. Give g(w).
-5
Let s(x) = -x + x - 4 - x - x. Let g(l) = -l + 12. Let d be g(7). Suppose d = -o + 2. Determine s(o).
2
Let k(p) = 0 - 6 + 1 + 2*p. Give k(6).
7
Let d(f) = f**2 + 6*f + 3. Let n = -10 + 12. Suppose -6*v = -n*v + 16. Give d(v).
-5
Let j(t) be the third derivative of -1/24*t**4 + 0 + 0*t**3 + 0*t + 2*t**2. Calculate j(1).
-1
Let o(m) = -7 - 3*m - 2 + 2*m + 6. Determine o(-5).
2
Let x(w) be the first derivative of -2*w**4 - w**3/3 + w - 1. Let r = -6 + 5. What is x(r)?
8
Let v(n) = -2*n**2 + 17*n - 11. Let b(y) = 3*y**2 - 26*y + 17. Let j(p) = -5*b(p) - 8*v(p). Determine j(6).
3
Let g = 7 - 2. Let d(f) = 3*f - 6. What is d(g)?
9
Suppose -a - z + 3 = 0, 0*a + 5*a - 4*z = 6. Let m(j) = -a - 2*j + 4 + 3 + j**3 + 0*j - 5*j**2. Calculate m(5).
-5
Let g = -23 - -17. Let h(x) = 21*x**3 - 15*x**2 + 13*x - 11. Let a(b) = 11*b**3 - 8*b**2 + 7*b - 6. Let p(j) = g*h(j) + 11*a(j). Determine p(1).
-4
Let t(j) = j**2 - 7*j + 1. Let f be t(4). Let m = -15 - f. Let c(l) = 0*l - 3 + 0 - 2*l. Give c(m).
5
Let r(w) = -w - 4. Suppose 0 = -2*f - 3*j + 15, 13 = 5*f - 2*j - 15. Let d be (-6)/18 - (-2)/f. Suppose d = n + n. What is r(n)?
-4
Suppose -1 - 11 = 4*k. Let i(x) = 2*x**2 - 3*x - 4. Let n(m) = -6*m**2 + 8*m + 12. Let d(v) = 17*i(v) + 6*n(v). Determine d(k).
-5
Let b(i) be the first derivative of -i**2 + 1 - 1/6*i**3 - i. Let o(h) be the first derivative of b(h). Determine o(4).
-6
Suppose 3*r - 2*c + 4*c = -20, -r - 3*c - 16 = 0. Let w be 2/8*(r - -8). Let f(x) = x**2 - 2*x + 1. Calculate f(w).
0
Let z(r) = -11*r. Let i(d) = d**2 - 4*d + 4. Let f be i(4). Let b be f/14 + 72/(-56). What is z(b)?
11
Let u(s) be the first derivative of -5*s**4/24 + s**3/3 + 3*s**2/2 + 5. Let f(j) be the second derivative of u(j). Give f(3).
-13
Let f(i) be the third derivative of i**4/24 + 10*i**3/3 - 5*i**2 - 6. Give f(-13).
7
Let b be -4 - 18/(-4) - 3/2. Let o(n) be the third derivative of -n**4/24 - 4*n**2. Give o(b).
1
Let m be (-6)/(-5)*(-30)/(-9). Let t be (m/10)/((-2)/(-20)). Let x = -4 + t. Let y(d) = -d - 3. Give y(x).
-3
Let d(k) = -k - 3. Let p = 28 - 2. Let g be 6/15 + p/10. Suppose -2*f = g*o + 4, -f - 11 = -4*o + o. Give d(f).
2
Let h(u) be the second derivative of -u**2/2 + 3*u. Let q(k) = k. Let w(l) = -2*h(l) - q(l). Give w(-3).
5
Let q(m) = -2*m + 1. Let a be q(2). Let x(z) = -z + 1. Let o(g) = -g**2 - 1. Let c(i) = a*x(i) - o(i). Let p(t) = -2*t + 7. Let k be p(5). Give c(k).
-2
Let i(t) = t. Let y be i(3). Let v(j) = j**2 - 4*j + 3. Let x(h) = h. Let g(w) = v(w) + 4*x(w). Determine g(y).
12
Let t(v) = v**2 + v + 3. Let d be t(0). Let h(w) = 6 - 3 + d - 2*w. Calculate h(4).
-2
Let p(v) be the third derivative of 0*v + 0 - 1/8*v**4 - 1/6*v**3 - v**2. Suppose -2*b = -2*h - 8, -h = 2*h + b. What is p(h)?
2
Let a(n) = 2*n - 2. Suppose -2*d - 3*i + 2 = -d, 4*d + 3*i - 8 = 0. Calculate a(d).
2
Let f(y) = y**3 - 2*y**2 - y - 1. Let u be 9/6*4/3. Let t = -37 - -52. Suppose -3*l = u*l - t. Determine f(l).
5
Let y be (-10)/4*(-4)/5. Let z(m) = -m + 3. Let k(b) = -3*b + 10. Let n(p) = 4*k(p) - 14*z(p). Determine n(y).
2
Suppose -c + 5*c = 0. Let f(a) = 1 + a**2 + a + 1 - 2*a + c. Determine f(-2).
8
Let w = 14 + -9. Let x(u) = -2*u + w*u - 2*u - 5. Let v be 3 + (-66)/(-54) - (-2)/(-9). Calculate x(v).
-1
Let k be (-6)/3*-1*2. Let g(p) = p - 1. Let v(n) = -n + 1. Let b(d) = -g(d) + v(d). Determine b(k).
-6
Let u(j) be the third derivative of j**4/6 - j**3/3 + 35*j**2. Give u(2).
6
Suppose -3*a + 5*x = -28, 2*x + 15 = 3*a + 2. Let i(b) = 9*b + 1. What is i(a)?
10
Let o(m) = 2*m + 10*m**2 + 15 + 9*m + 2*m**3 - 2. Let c(b) = -b**3 - 5*b**2 - 5*b - 6. Let g(i) = 5*c(i) + 2*o(i). Determine g(-4).
-8
Let l(g) = -3*g**2 + 6. Let y(x) = -7*x**2 - x + 13. Let z(h) = -9*l(h) + 4*y(h). Calculate z(-3).
1
Let m(r) = -3*r - 1. Let o = -8 - -19. Let q(i) = 8*i + 3. Let h(b) = o*m(b) + 4*q(b). Let g be (3 - 1) + (-2)/1. What is h(g)?
1
Suppose -3*z + 3 + 6 = 0. Suppose 12 = z*o - 0*o. Let f(k) be the third derivative of -k**6/120 + k**5/20 + 5*k**4/24 - k**3 + 2*k**2. Calculate f(o).
-2
Let f(n) = 2*n + 2. Let i be 4/(12/3)*9. Let r = i + -12. What is f(r)?
-4
Let h(q) = q + 12. Let f be h(-6). Suppose -2 = 3*m + 1. Let w = f + m. Let n(k) = k + 1. Determine n(w).
6
Let g(z) = z**3 + 4*z**2 - 6*z - 10. Let x be g(-5). Let w(h) = -h**3 - 7*h**2 - 6*h - 3. What is w(x)?
-23
Let v(t) = -t - 2. Let n be v(-4). Let w(k) = 25*k - 9*k - 15*k + 1 + k**n. What is w(-3)?
7
Let c(q) = -3*q + 471 - 2*q**2 + 3*q**2 - 470. Determine c(4).
5
Let y(q) = -q + 9. Suppose -5*j - 3*z = -19, -2*z + 0*z + 10 = 2*j. Let d be (-10)/(-4)*j/1. Determine y(d).
4
Let j(c) = 4 - 2 - 3*c - 3 + 2. Determine j(3).
-8
Let n(r) = -5*r**2 - r. Let v = 8 - 6. Suppose 0 = -5*x - 3*a + 4, -3*x - 10 + 1 = -v*a. What is n(x)?
-4
Let i(f) = f**2 + 2 - 2 + 2*f**3. Let c = 8 + -3. Let b be 2/c - (-28)/(-20). What is i(b)?
-1
Let r be (3 + 0)*2/3. Suppose -3*h + 10 = r*h. Let x(p) = 1 + 0*p - 3 - p + 0*p. Determine x(h).
-4
Let r(f) = 0*f + 3 + 1 - 10*f. Let z(o) = -o - 1. Let k(l) = l + 5. Let c(y) = -k(y) - 4*z(y). Let m(h) = 7*c(h) + 2*r(h). Calculate m(5).
6
Let d(z) be the first derivative of -3 - 1/2*z**2 + 6*z. Calculate d(0).
6
Let c(y) be the first derivative of -7*y**2/2 - y + 7. Determine c(-1).
6
Let g(u) = -3 + 16*u**2 - 11*u**2 + 2*u + 4*u - u**3. Suppose -5*j - 11 = 5*k - 41, 3*j = 5*k - 30. Calculate g(k).
-3
Let p(u) = 4 - 4*u + u + 0. Suppose -6*k + 12 = -2*k. Give p(k).
-5
Let c be (5/(-15))/(1/(-15)). Suppose 4*f + 3*d + 5 = 0, 2*f + c = -d + 2*d. Let j(l) = 2*l**3 - l**2 - 3*l - l**3 + 0*l**3 - 2. Determine j(f).
-8
Let d = 6 + -2. Let n(u) = -u**2 + 2*u - d + u + 7. Suppose 2*o + 2*a = 6*o - 12, o = -3*a + 10. Determine n(o).
-1
Let w(j) = 3*j**2 - 13*j - 33. Let m(p) = 2*p**2 - 9*p - 22. Let q(k) = -8*m(k) + 5*w(k). What is q(8)?
3
Let l be (-9)/(-2)*8/6. Suppose 0 = -2*p + l, -f - 3*f - 2*p - 6 = 0. Let n(o) = -2*o + o + 2*o. Determine n(f).
-3
Let m(w) = -11*w**2 + 2*w - 1. Let t(b) = -b**2 + 5*b - 4. Let i be t(4). Suppose -3*h + 4*o - 8 = h, 4*o - 12 = i. Calculate m(h).
-10
Let r(k) = 9 + 2*k - 3*k - 4. Let l(m) = m**3 + 7*m**2 - 3*m - 17. Let c be l(-7). Give r(c).
1
Let a(x) = x**3 + x + 1. Let o(q) = 5*q**3 - 3*q**2 + 9*q + 2. Let l(u) = -6*a(u) + o(u). Give l(-4).
0
Suppose 4*u - 5*q + 15 = 0, -3*q - q - 4 = 0. Let l(g) = -2*g - 4. What is l(u)?
6
Suppose 2*h + 2*a - 12 = 0, 2*h - 5*h - 17 = -4*a. Let b be (h - (3 + -5))*-1. Let y be (-3 + 2)*-2 - b. Let d(r) = 2*r - 5. Determine d(y).
5
Suppose 0 = -2*t + 3*x - 7 + 20, -5*t - 4*x = 25. Let z(r) = -r**2. Let d(s) = -3*s**2 - s + 3. Let m(j) = t*d(j) + 2*z(j). Calculate m(0).
-3
Suppose 3*k = -3*n - k + 33, k + 63 = 4*n. Suppose 2*m - n = -m. Let y(v) be the second derivative of -v**3/6 + 2*v. What is y(m)?
-5
Let v be (-14)/8*38/(-133). Let t(r) be the second derivative of 0 + v*r**2 + 1/6*r**3 - 2*r. Calculate t(4).
5
Suppose -8*f + 5 = 13. Let w(y) = 11*y - 1. Calculate w(f).
-12
Let k(w) be the first derivative of w**4/4 - 2*w**3/3 - 3*w - 4. Let a be k(0). Let x(y) = -y**3 - 2*y**2 - 2*y + 4. Calculate x(a).
19
Suppose 0 = 3*c - 2*c - 3*r, 0 = -2*c - 3*r + 9. Suppose -s = 5*j, 2*s - j - 16 + 5 = 0. Let v(m) = s*m - 1 + c*m - 5*m. Determine v(-1).
-4
Let c(t) = t**2 - t + 1. Suppose -3*p = -5 - 4. Calculate c(p).
7
Let m(p) = p**2 - 2*p + 3. Let k be (-14)/(-4) - 2/4. Let c(f) = 5 + 0*f - 4 - f. Let r(n) = k*c(n) - m(n). Calculate r(-1).
0
Let s(w) = 4*w**2 - 6*w + 1. Let c(f) = 3*f**2 - 5*f + 1. Let b(v) = -5*c(v) + 4*s(v). Suppose -20 - 4 = -4*d. Suppose 0*y + d = -2*y. Calculate b(y).
5
Let s(t) be the third derivative of 0*t + 0 - 1/6*t**3 - 1/24*t**4 + 3*t**2. Let y = 4 - 0. W